-2 - 20112221010?
-20112221012
In base 5, what is -312 - 34133?
-40000
In base 3, what is -22222112 + -1210?
-100001022
In base 13, what is -2 + -6ba5?
-6ba7
In base 13, what is -2b2 - 700?
-9b2
In base 8, what is -12 + 77723?
77711
In base 16, what is 3 + -116e?
-116b
In base 5, what is -1131222 - -120?
-1131102
In base 14, what is 4d93 + -1?
4d92
In base 12, what is 17a6 + 15?
17bb
In base 6, what is 451031 - 0?
451031
In base 2, what is 1011100010110 + 10110?
1011100101100
In base 6, what is -3505533 + 1?
-3505532
In base 12, what is -8 + b003?
abb7
In base 15, what is 1d00d + -2?
1d00b
In base 4, what is -3131222 - 101?
-3131323
In base 2, what is 110001110101010 + 10?
110001110101100
In base 9, what is -5 + 3004022?
3004016
In base 9, what is -7 + -71032?
-71040
In base 13, what is -19 + -5bb?
-607
In base 5, what is -122044022 + 3?
-122044014
In base 2, what is 100000111100100 + 11100?
100001000000000
In base 12, what is 24 - 5789?
-5765
In base 15, what is -1432 - -a1?
-1381
In base 12, what is -21b47 + 0?
-21b47
In base 4, what is -2231 + -1032321?
-1101212
In base 6, what is 102 - -21413?
21515
In base 10, what is 16218 + 0?
16218
In base 12, what is 33b79 - 6?
33b73
In base 5, what is 12 + 3231123?
3231140
In base 9, what is 340862 - -5?
340867
In base 3, what is -10012 + -121001?
-201020
In base 6, what is 11 + 21202012?
21202023
In base 10, what is 28286 - 20?
28266
In base 6, what is 13015231 - 1?
13015230
In base 8, what is 1642315 - 13?
1642302
In base 7, what is 12560 + 5?
12565
In base 11, what is 798 + -6?
792
In base 15, what is -132a + -4?
-132e
In base 3, what is -10020002 - 120?
-10020122
In base 6, what is -454 + 43431?
42533
In base 16, what is 3 + 3c21?
3c24
In base 8, what is 0 + -357654?
-357654
In base 7, what is 115565 + 4?
115602
In base 4, what is -11 - 10221120?
-10221131
In base 3, what is -2221222 - 102000?
-10100222
In base 7, what is 2 + 11431?
11433
In base 11, what is -2921 + 5?
-2917
In base 10, what is 4 - -65067?
65071
In base 12, what is -92b - -1?
-92a
In base 2, what is -1010 + 10011110010?
10011101000
In base 7, what is 0 - -31643?
31643
In base 16, what is -8513 - -1?
-8512
In base 16, what is -4 + 1fd3?
1fcf
In base 2, what is -101111110011 + 1010010010?
-100101100001
In base 15, what is 4 - -e899?
e89d
In base 8, what is -534 + -443?
-1177
In base 14, what is 17 - -4c9?
502
In base 6, what is -3004 + 1230?
-1334
In base 6, what is 121 + 202?
323
In base 14, what is 125d + 31?
1290
In base 9, what is 74 + 124625?
124710
In base 3, what is -120002 + 11?
-112221
In base 13, what is 103 + 38?
13b
In base 14, what is 55 - 92a2?
-924b
In base 9, what is 8 + 50258?
50267
In base 15, what is -8 + 4941?
4938
In base 16, what is 1 - -25d6c?
25d6d
In base 16, what is 7b - 1dd?
-162
In base 10, what is -43 + -15627?
-15670
In base 2, what is 100 + -100010100111111?
-100010100111011
In base 11, what is 4 - 40496a?
-404966
In base 6, what is -4 - -33103?
33055
In base 10, what is -208 + 553?
345
In base 4, what is 110020 + 23320?
200000
In base 4, what is 13032003 - 2?
13032001
In base 14, what is 1d6 + 8?
200
In base 12, what is b25 + 46?
b6b
In base 11, what is -12684 + 0?
-12684
In base 15, what is 3e5 + -2?
3e3
In base 16, what is 6b3c - -2?
6b3e
In base 10, what is -116534 - 3?
-116537
In base 4, what is 100312 + 232?
101210
In base 15, what is 8eba + -15?
8ea5
In base 11, what is -6 + 6356?
6350
In base 11, what is -7301 + 13?
-7299
In base 7, what is 3 - 11551?
-11545
In base 3, what is 1 - 200121212112?
-200121212111
In base 10, what is 2 - 161109?
-161107
In base 14, what is 0 + 437c?
437c
In base 11, what is -4 - 19285?
-19289
In base 10, what is 5 - -25449?
25454
In base 11, what is 7910a6 + 2?
7910a8
In base 10, what is 413 + -327?
86
In base 12, what is 22 + 923?
945
In base 6, what is 1 + -25032?
-25031
In base 5, what is -121040 + 10?
-121030
In base 7, what is -1636 - 34?
-2003
In base 10, what is -1 - -30402?
30401
In base 2, what is 101011001101 + 101110010?
110000111111
In base 5, what is 1111 + -3321?
-2210
In base 6, what is -5 + -2342?
-2351
In base 12, what is 7268b1 - -3?
7268b4
In base 7, what is 351 + -263?
55
In base 11, what is -11 + -56346?
-56357
In base 11, what is -343722 + 5?
-343718
In base 8, what is -2 - 162721?
-162723
In base 8, what is 12 + -765122?
-765110
In base 6, what is 501 - 2002?
-1101
In base 3, what is 10201022 - -2221?
10211020
In base 4, what is -331321 + 3032?
-322223
In base 2, what is -11110111101010010001 + 1?
-11110111101010010000
In base 10, what is 55 + -2199?
-2144
In base 3, what is -10 - 10011102212?
-10011102222
In base 16, what is -5 + 2a600?
2a5fb
In base 14, what is 21a44 - -5?
21a49
In base 13, what is -55 + -100?
-155
In base 13, what is 1 + -432866?
-432865
In base 11, what is 1168629 + 2?
1168630
In base 11, what is -3 + -32?
-35
In base 13, what is 5681 - 21?
5660
In base 8, what is -131 - -30002?
27651
In base 16, what is 1b2 - -4e6?
698
In base 7, what is 360610 - 0?
360610
In base 16, what is -7af - -1f?
-790
In base 12, what is -13966 + 64?
-13902
In base 4, what is 11020 + -10302?
112
In base 8, what is -43407 - 64?
-43473
In base 3, what is -122012120 - -1?
-122012112
In base 9, what is 10 - 44537?
-44527
In base 2, what is -100000110010011110 - -100010?
-100000110001111100
In base 9, what is 12077 + 45?
12133
In base 4, what is -121002 + -11?
-121013
In base 5, what is -232043200 + 10?
-232043140
In base 15, what is -d541 - -5?
-d53b
In base 2, what is 10010010000011 - -101?
10010010001000
In base 13, what is 16751 + -4?
1674a
In base 5, what is 2332 + 200234?
203121
In base 10, what is -5 - 21574?
-21579
In base 14, what is 5 + 6d83?
6d88
In base 14, what is -3203 - 4?
-3207
In base 10, what is -6 - 4349?
-4355
In base 8, what is 125626 - -14?
125642
In base 11, what is 50 - 2412?
-2372
In base 8, what is -43376 + 565?
-42611
In base 11, what is 2025 + 2?
2027
In base 2, what is -101010001111111 - -1001101?
-101010000110010
In base 5, what is -22332 - -1141?
-21141
In base 15, what is b140 - 3?
b13c
In base 10, what is 100191 + -42?
100149
In base 16, what is 21cdd + -4?
21cd9
In base 8, what is -7 - 4015?
-4024
In base 7, what is -3 + -25351?
-25354
In base 8, what is 3065 + -416?
2447
In base 6, what is -4214 - 134?
-4352
In base 5, what is -2 - 11002112?
-11002114
In base 8, what is 4 - -57224?
57230
In base 15, what is 319bc + 1?
319bd
In base 16, what is a92b - -4?
a92f
In base 13, what is 19 + -799?
-780
In base 14, what is 222 + 5c5?
807
In base 9, what is -7776 + 0?
-7776
In base 9, what is -4 + 46072?
46067
In base 6, what is -3455023 - 3?
-3455030
In base 12, what is 2 - b91a7?
-b91a5
In base 15, what is 1 - 965?
-964
In base 5, what is 42344120 + -10?
42344110
In base 11, what is 1a345 - 8?
1a338
In base 2, what is -1011110110101110011 + 1?
-1011110110101110010
In base 7, what is 2 - 403353?
-403351
In base 11, what is -501 - -66?
-446
In base 15, what is -989 + -356?
-ce0
In base 7, what is 50 + 1332?
1412
In base 9, what is 1 + 1073?
1074
In base 14, what is 57d - -12?
591
In base 2, what is -11000 - -100111100010?
100111001010
In base 10, what is 3 - -9450?
9453
In base 7, what is -140461 + 1?
-140460
In base 11, what is -27151 + -3?
-27154
In base 2, what is -100011111111 - -100010?
-100011011101
In base 7, what is 5646 + -150?
5466
In base 13, what is -459 - -10b?
-34b
In base 9, what is -25246 + -2?
-25248
In base 14, what is 2027 + -2a?
1ddb
In base 14, what is 61 + 1871?
18d2
In base 6, what is -31355151 - 5?
-31355200
In base 8, what is 56641 + 4?
56645
In base 16, what is 8836e - 0?
8836e
In base 4, what is -3002300 - -12?
-3002222
In base 4, what is 1 + -2301300?
-2301233
In base 5, what is 11114204 - -3?
11114212
In base 2, what is 101000110111110 + 0?
101000110111110
In base 16, what is -64c15 + -a?
-64c1f
In base 3, what is 11 + 1201202002?
1201202020
In base 7, what is 15426365 - -3?
15426401
In base 6, what is 1 + -30342?
-30341
In base 2, what is 11100111011111 - 1101?
11100111010010
In base 7, what is 112140031 - 5?
112140023
In base 3, what is -211110222 + 1110?
-211102112
In base 12, what is -2 - -92b74?
92b72
In base 13, what is -2b + 4c?
21
In base 12, what is -7b2 - 131?
-923
In base 12, what is